t h = -55 + v. What is the tens digit of h?
4
Let t be 0 + 8 + (-2)/(-4 - -2). Suppose 0 = 3*k - f - 2906, t*k + 5*f = 11*k - 1920. What is the hundreds digit of k?
9
Let r(g) = 836*g**2 + 40*g - 1. What is the units digit of r(4)?
5
Let j(u) = 218*u + 25. Let m(n) = -217*n - 26. Let b(z) = 6*j(z) + 7*m(z). Let x be b(-8). Suppose 13*r - x - 1009 = 0. What is the hundreds digit of r?
2
Let h = -123 + -97. Suppose 3*x + 170 = -d - 25, 5*d = -x - 79. Let t = x - h. What is the tens digit of t?
5
Let p(c) = -32*c**3 + 5*c**2 + 2*c + 10. Let j be p(-4). Suppose j = 45*u - 39*u. What is the units digit of u?
5
Let i = 117 + -111. Let m(v) = i*v + 9 - 2*v + 9*v**2 + 2*v. What is the units digit of m(-5)?
4
Let s = 130987 + -93483. What is the tens digit of s?
0
Let w = -2145 + 16902. What is the hundreds digit of w?
7
Let j(c) = -2*c + 14. Let d be j(7). Suppose 13*x - 1955 - 2114 = d. What is the tens digit of x?
1
Let c = -7408 + 15114. What is the thousands digit of c?
7
Let n be ((-52)/16)/((-3)/12). Let g(u) = -9*u + 60 - n - 8*u. What is the hundreds digit of g(-5)?
1
Let t be ((-12)/30*2)/((-6)/(-45)). What is the tens digit of 12/126*1662 + t/21?
5
Suppose c = 3*t + 1455, -4*t = -8*t + 16. Suppose -39*q - c = -42*q. What is the hundreds digit of q?
4
Let p = -37 + 99. Let k(a) = 2*a + p*a**2 + 33*a**2 - 4*a + 2. What is the units digit of k(1)?
5
Suppose -30*p - 3903 = -9*i - 29*p, -2*i = 4*p - 880. Let o(h) = -h**2 - 261. Let c be o(0). Let v = c + i. What is the hundreds digit of v?
1
Let j(o) = -6*o**2 + 57*o - 183. Let n(l) = 3*l**2 - 29*l + 91. Let r(c) = 2*j(c) + 5*n(c). What is the tens digit of r(21)?
6
Let h = -280 + 878. Suppose -3*v = -2554 + h. What is the hundreds digit of v?
6
Suppose 3*c + 2*p - 2 = -0, -3 = 3*c - 3*p. Let n be c/((-12)/4 - (3 - 8)). Suppose -2*x = -n*x - 198. What is the units digit of x?
9
Let a = 207 - 223. Let o = a + 231. What is the tens digit of o?
1
Suppose -f = f - 10. Suppose f*d + 2*r = -264, -171 = 3*d - 4*r + r. Let w = -44 - d. What is the tens digit of w?
1
Let s = 142 + -909. Let a = -312 - s. What is the units digit of a?
5
Let c(l) = 104*l**2 - 16*l - 130. What is the hundreds digit of c(-7)?
0
Let g(n) = n**3 - 6*n**2 + 3*n + 11. Let d be g(5). What is the units digit of (-1 - (-2 - (-4 + 382)))*d?
9
Let y = -64 - -956. Let q = -618 + y. What is the hundreds digit of q?
2
Let a be 4/10 + (-138)/(-30). Suppose a*o + 40 = 4*t + o, -5*t + 35 = -2*o. Suppose y = 3*m + 11 - 6, 2*m - 93 = -t*y. What is the tens digit of y?
1
Let o(u) = 91*u + 32. Let v(j) = 2*j**2 - 14*j + 17. Let z be v(6). What is the hundreds digit of o(z)?
4
Let p = -52 + 57. Suppose v + p*l - 957 = 6*l, -3*l = 5*v - 4761. What is the hundreds digit of v?
9
Suppose -18*i + 1154034 = 17*i + 7*i. What is the thousands digit of i?
7
Let m = 19407 - -51895. What is the units digit of m?
2
Let n(a) = -4*a**3 - 53*a**2 - 14*a + 31. Let t(v) = -3*v**3 - 53*v**2 - 16*v + 31. Let y(b) = -5*n(b) + 6*t(b). What is the units digit of y(27)?
8
Let p = -3054 + 32408. What is the hundreds digit of p?
3
Let m = 16354 - 11024. What is the tens digit of m?
3
Suppose 31*b - b - 52017 - 635493 = 0. What is the hundreds digit of b?
9
Let q = 52 + 47. Suppose 85*g - q*g = -19586. What is the tens digit of g?
9
Let d be (-2 - -1)*3 - -8. Let s(f) = -d + 16*f + 2 + 8 + 7. What is the tens digit of s(3)?
6
Suppose 2*i - 711 - 579 = 0. Let r = -415 + i. Let s = 421 - r. What is the tens digit of s?
9
What is the thousands digit of 3/(-8) + (424684/32 - 20)?
3
Let g(w) = w**3 - 3*w**2 + 23*w + 7. Let u = -370 - -380. What is the hundreds digit of g(u)?
9
Let c(m) = 5*m**2 + 20*m - 48. Let s(t) = t**2 + 12*t + 25. Let x be s(-7). What is the tens digit of c(x)?
5
Let r be 7 + (-8 + 10 - 1). Suppose -r*w = -26*w + 30744. What is the units digit of w?
8
What is the units digit of (17 - 15)*(-5271)/(-6)?
7
Let d be (-11)/(-4) + (-5)/(2*-10). Suppose d = -k - 2. What is the units digit of -5 - -19 - (-5)/(k/3)?
1
Let b = -134 + 199. Suppose 5*h + 45 = b. Suppose -678 = h*v - 10*v. What is the hundreds digit of v?
1
Let k(d) = -16 + 3*d**3 - 6*d**2 - 13 + 38 + 7*d - 13. What is the tens digit of k(4)?
2
What is the thousands digit of 415700/45 - (3/7 - (-123)/(-189))?
9
Suppose -4*y + 23419 = -3*c, 2*y - y - 5854 = c. What is the thousands digit of y?
5
Let l(t) = -217*t + 24. Let s be l(-5). Let f = -620 + s. What is the hundreds digit of f?
4
Suppose 0 = -i - 3*f + 6486, -3*i - 32408 = -8*i - 4*f. What is the thousands digit of i?
6
Let q(c) = -c + 7. Let k be q(7). Suppose k = -31*v + 164 + 177. What is the tens digit of v?
1
Let r(i) be the third derivative of 1/60*i**5 + 1/6*i**3 - 1/12*i**4 + 3*i**2 + 0 + 103/120*i**6 + 0*i. What is the tens digit of r(1)?
0
Let s(u) be the first derivative of 283*u**4/4 + u**3/3 - 5*u**2/2 + 6*u - 27. What is the hundreds digit of s(1)?
2
Suppose 12*m - 1740 = 17*m. Let t = m - -747. What is the units digit of t?
9
Let m = 277 + -254. Suppose -183 = m*z - 24*z. What is the units digit of z?
3
Suppose 1499744 = 154*o - 36861 - 425355. What is the units digit of o?
0
Let u(c) = -c**3 + c**2 + c - 1. Let w(q) = -q + 7*q + 11 + 13*q**2 + 2*q - 2*q. Let n(k) = -u(k) + w(k). What is the tens digit of n(-11)?
7
Let n(m) = -17*m + 69. Let l = 365 + -379. What is the hundreds digit of n(l)?
3
Suppose -6*x - 2 = 10. Let u be 2/x*(11 + 8). Let d = u + 29. What is the units digit of d?
0
Suppose 3*b - 6*o - 388 = -4*o, -2*b = 4*o - 248. Let d = -111 + b. What is the units digit of d?
7
What is the hundreds digit of (29 - 1092/(-4))/(2 + 1328/(-666))?
2
Suppose -100*h + 160753 = -96*h + 3*f, 2*f = -h + 40182. What is the ten thousands digit of h?
4
Let w(c) = 3*c**2 + 5*c + 4. Let m be w(-4). Suppose -a = 3*i - 26, 2*a + 2*a = -3*i + m. Let x(n) = 8*n - 19. What is the units digit of x(i)?
5
Let q be 36 - (2 - -3 - 17). Suppose -5*i + n = -694, 0 = 3*i - n - 4*n - 434. Let o = q + i. What is the hundreds digit of o?
1
Let r(l) = -l**3 - 3*l**2 - 2*l + 2. Let a be r(-2). Suppose -5*o + 155 = a*f, 3*o - 2*o = f - 95. Suppose 9*m = 10*m - f. What is the tens digit of m?
9
Let m = 7 + -4. Let p be -17*-1*3/m. Let u(h) = -h**2 + 17*h + 16. What is the tens digit of u(p)?
1
What is the ten thousands digit of (555515/45 - 30/(-135)) + 0?
1
Let u(t) = t**3 + 2*t**2 - 7*t + 4. Let r be u(-4). Suppose 16*s - 20*s + 12 = r. What is the units digit of (6/9 + (-323)/s)*-1?
7
Suppose -p - 5*s = -3*p + 1015, -4*s = 4. Let l = 556 - p. What is the units digit of l?
1
Let s = 56 - 53. Suppose s*g + 4*g = 329. Suppose -44*u + g*u - 315 = 0. What is the units digit of u?
5
Let x(b) = 123*b + 5. Let z be x(3). Let n = -264 + z. Suppose 11*a = 13*a - n. What is the units digit of a?
5
Let o = 7195 + -133. What is the units digit of o?
2
Suppose 12*v - 41 - 31 = 0. Suppose q + 1451 = 4*u, -5*u + 2*q - 374 = -v*u. What is the tens digit of u?
6
Let l(p) = p**2 + 7*p + 8. Let t(z) = z**2 + z - 4. Let k be t(-3). Suppose -4*x + k*x + 2*q = 26, 3*q = 15. What is the units digit of l(x)?
6
Suppose 2*c + 118*n = 113*n + 4977, 5*n - 12405 = -5*c. What is the hundreds digit of c?
4
Let h = -95 + 100. Suppose -h*r + r = -456. What is the tens digit of r?
1
Let s(o) be the second derivative of -7*o**5/20 + o**4/2 + 2*o**3/3 - 10*o**2 + 153*o. What is the tens digit of s(-4)?
0
Suppose 0 = 4*q - 5*q + 4*o + 12, -o = -3*q + 14. Suppose q*u = 1598 - 358. What is the hundreds digit of u?
3
Suppose 0 = 5*k + 4*d - 40368 + 14218, 3*k = -5*d + 15690. What is the units digit of k?
0
What is the thousands digit of ((-159)/(-18) - 9)*-3 + (-5001)/(-2)?
2
Let u = 309 + -303. Suppose 268 = -2*z + u*z. What is the tens digit of z?
6
Suppose 4*l = 7*l - 4*p - 2830, 2*l = -5*p + 1902. Let m = -617 + l. What is the hundreds digit of m?
3
Suppose -927 = -5*j + 3*j + t, 4*j + 3*t = 1869. Let y = j - -248. What is the tens digit of y?
1
Let y(i) = 2*i**2 - 50*i - 36 + 30 + 27. Let v(t) = 2*t**2 - 51*t + 20. Let c(d) = 3*v(d) - 4*y(d). What is the tens digit of c(21)?
8
What is the units digit of 66181 - 21 - (-4 + -2 - (-5 - -4))?
5
Let h(l) = -2*l**3 + 15*l**2 + 7*l + 14. Let c be h(8). What is the hundreds digit of 45/(-10)*(-692)/c + -1?
5
Let b = -33 - -40. Suppose -b*d = 